{"id":12052,"date":"2024-06-24T14:41:31","date_gmt":"2024-06-24T17:41:31","guid":{"rendered":"https:\/\/pisosmanriquez.cl\/index.php\/producto\/pisos-laminados-natura-8-mm\/"},"modified":"2024-06-24T14:41:37","modified_gmt":"2024-06-24T17:41:37","slug":"pisos-laminados-natura-8-mm","status":"publish","type":"product","link":"https:\/\/pisosmanriquez.cl\/index.php\/producto\/pisos-laminados-natura-8-mm\/","title":{"rendered":"Pisos Laminados Natura 8 mm"},"content":{"rendered":"<p><strong>Caracter\u00edsticas:<\/strong><\/p>\n<div>&#8211; Formato de tabla angosto (13 cms.) lo que le da un aspecto moderno.<\/div>\n<div>&#8211; Superficie semi brillo, logrando una similitud incre\u00edble con el piso de madera natural.<\/div>\n<div>&#8211; Cantos biselados.<\/div>\n<div>&#8211; Resistente a qu\u00edmicos y rayas.<\/div>\n<div>&#8211; Resistente a golpes y quemaduras.<\/div>\n<div>&#8211; Indicado para calefaccion.<\/div>\n<div>&#8211; F\u00e1cil limpieza.<\/div>\n","protected":false},"excerpt":{"rendered":"<p>Caracter\u00edsticas: &#8211; Formato de tabla angosto (13 cms.) lo que le da un aspecto moderno. &#8211; Superficie semi brillo, logrando una similitud incre\u00edble con el piso de madera natural. &#8211; Cantos biselados. &#8211; Resistente a qu\u00edmicos y rayas. &#8211; Resistente a golpes y quemaduras. &#8211; Indicado para calefaccion. &#8211; F\u00e1cil limpieza.<\/p>\n","protected":false},"featured_media":12053,"template":"","meta":[],"product_cat":[204,207],"product_tag":[],"class_list":{"0":"post-12052","1":"product","2":"type-product","3":"status-publish","4":"has-post-thumbnail","6":"product_cat-instalacion-de-pisos-flotantes","7":"product_cat-pisos-laminados","9":"first","10":"instock","11":"product-type-simple"},"acf":[],"_links":{"self":[{"href":"https:\/\/pisosmanriquez.cl\/index.php\/wp-json\/wp\/v2\/product\/12052","targetHints":{"allow":["GET"]}}],"collection":[{"href":"https:\/\/pisosmanriquez.cl\/index.php\/wp-json\/wp\/v2\/product"}],"about":[{"href":"https:\/\/pisosmanriquez.cl\/index.php\/wp-json\/wp\/v2\/types\/product"}],"wp:featuredmedia":[{"embeddable":true,"href":"https:\/\/pisosmanriquez.cl\/index.php\/wp-json\/wp\/v2\/media\/12053"}],"wp:attachment":[{"href":"https:\/\/pisosmanriquez.cl\/index.php\/wp-json\/wp\/v2\/media?parent=12052"}],"wp:term":[{"taxonomy":"product_cat","embeddable":true,"href":"https:\/\/pisosmanriquez.cl\/index.php\/wp-json\/wp\/v2\/product_cat?post=12052"},{"taxonomy":"product_tag","embeddable":true,"href":"https:\/\/pisosmanriquez.cl\/index.php\/wp-json\/wp\/v2\/product_tag?post=12052"}],"curies":[{"name":"wp","href":"https:\/\/api.w.org\/{rel}","templated":true}]}}