{"id":13666,"date":"2024-06-24T16:06:55","date_gmt":"2024-06-24T19:06:55","guid":{"rendered":"https:\/\/pisosmanriquez.cl\/index.php\/producto\/cava-cognac\/"},"modified":"2024-06-24T16:07:29","modified_gmt":"2024-06-24T19:07:29","slug":"cava-cognac","status":"publish","type":"product","link":"https:\/\/pisosmanriquez.cl\/index.php\/producto\/cava-cognac\/","title":{"rendered":"CAVA COGNAC"},"content":{"rendered":"<p><b>Tama\u00f1o:<\/b> 15X80 <br \/>\n<b>C\u00f3digo:<\/b> 02P0608538 <br \/>\n<b>Procedencia:<\/b> ESPA\u00d1A <br \/>\n<b>Marca:<\/b> GRESPANIA <br \/>\n<b>Uso:<\/b> PORCELANATO PISO\/MURO <br \/>\n<b>Tipo:<\/b> PORCELANATO MADERA <\/p>\n","protected":false},"excerpt":{"rendered":"<p>Tama\u00f1o: 15X80 C\u00f3digo: 02P0608538 Procedencia: ESPA\u00d1A Marca: GRESPANIA Uso: PORCELANATO PISO\/MURO Tipo: PORCELANATO MADERA<\/p>\n","protected":false},"featured_media":13667,"template":"","meta":[],"product_cat":[192,237],"product_tag":[],"class_list":{"0":"post-13666","1":"product","2":"type-product","3":"status-publish","4":"has-post-thumbnail","6":"product_cat-instalacion-de-ceramico","7":"product_cat-porcelanato-madera","9":"first","10":"instock","11":"product-type-simple"},"acf":[],"_links":{"self":[{"href":"https:\/\/pisosmanriquez.cl\/index.php\/wp-json\/wp\/v2\/product\/13666","targetHints":{"allow":["GET"]}}],"collection":[{"href":"https:\/\/pisosmanriquez.cl\/index.php\/wp-json\/wp\/v2\/product"}],"about":[{"href":"https:\/\/pisosmanriquez.cl\/index.php\/wp-json\/wp\/v2\/types\/product"}],"wp:featuredmedia":[{"embeddable":true,"href":"https:\/\/pisosmanriquez.cl\/index.php\/wp-json\/wp\/v2\/media\/13667"}],"wp:attachment":[{"href":"https:\/\/pisosmanriquez.cl\/index.php\/wp-json\/wp\/v2\/media?parent=13666"}],"wp:term":[{"taxonomy":"product_cat","embeddable":true,"href":"https:\/\/pisosmanriquez.cl\/index.php\/wp-json\/wp\/v2\/product_cat?post=13666"},{"taxonomy":"product_tag","embeddable":true,"href":"https:\/\/pisosmanriquez.cl\/index.php\/wp-json\/wp\/v2\/product_tag?post=13666"}],"curies":[{"name":"wp","href":"https:\/\/api.w.org\/{rel}","templated":true}]}}