{"id":13746,"date":"2024-06-24T16:11:14","date_gmt":"2024-06-24T19:11:14","guid":{"rendered":"https:\/\/pisosmanriquez.cl\/index.php\/producto\/kiowa-wengue\/"},"modified":"2024-06-24T16:11:49","modified_gmt":"2024-06-24T19:11:49","slug":"kiowa-wengue","status":"publish","type":"product","link":"https:\/\/pisosmanriquez.cl\/index.php\/producto\/kiowa-wengue\/","title":{"rendered":"KIOWA WENGUE"},"content":{"rendered":"<p><b>Tama\u00f1o:<\/b> 22,5&#215;90 <br \/>\n<b>C\u00f3digo:<\/b> 02P0608672 <br \/>\n<b>Procedencia:<\/b> Espa\u00f1a <br \/>\n<b>Marca:<\/b> ARGENTA <br \/>\n<b>Uso:<\/b> PORCELANATO MADERA <\/p>\n","protected":false},"excerpt":{"rendered":"<p>Tama\u00f1o: 22,5&#215;90 C\u00f3digo: 02P0608672 Procedencia: Espa\u00f1a Marca: ARGENTA Uso: PORCELANATO MADERA<\/p>\n","protected":false},"featured_media":13747,"template":"","meta":[],"product_cat":[192,237],"product_tag":[],"class_list":{"0":"post-13746","1":"product","2":"type-product","3":"status-publish","4":"has-post-thumbnail","6":"product_cat-instalacion-de-ceramico","7":"product_cat-porcelanato-madera","9":"first","10":"instock","11":"product-type-simple"},"acf":[],"_links":{"self":[{"href":"https:\/\/pisosmanriquez.cl\/index.php\/wp-json\/wp\/v2\/product\/13746","targetHints":{"allow":["GET"]}}],"collection":[{"href":"https:\/\/pisosmanriquez.cl\/index.php\/wp-json\/wp\/v2\/product"}],"about":[{"href":"https:\/\/pisosmanriquez.cl\/index.php\/wp-json\/wp\/v2\/types\/product"}],"wp:featuredmedia":[{"embeddable":true,"href":"https:\/\/pisosmanriquez.cl\/index.php\/wp-json\/wp\/v2\/media\/13747"}],"wp:attachment":[{"href":"https:\/\/pisosmanriquez.cl\/index.php\/wp-json\/wp\/v2\/media?parent=13746"}],"wp:term":[{"taxonomy":"product_cat","embeddable":true,"href":"https:\/\/pisosmanriquez.cl\/index.php\/wp-json\/wp\/v2\/product_cat?post=13746"},{"taxonomy":"product_tag","embeddable":true,"href":"https:\/\/pisosmanriquez.cl\/index.php\/wp-json\/wp\/v2\/product_tag?post=13746"}],"curies":[{"name":"wp","href":"https:\/\/api.w.org\/{rel}","templated":true}]}}