{"id":14945,"date":"2024-07-22T16:00:00","date_gmt":"2024-07-22T19:00:00","guid":{"rendered":"https:\/\/pisosmanriquez.cl\/?post_type=product&#038;p=14945"},"modified":"2024-07-22T16:12:06","modified_gmt":"2024-07-22T19:12:06","slug":"cubrepiso-evento","status":"publish","type":"product","link":"https:\/\/pisosmanriquez.cl\/index.php\/producto\/cubrepiso-evento\/","title":{"rendered":"Cubrepiso Evento"},"content":{"rendered":"<p>El cubrepiso evento es fabricado a partir de fibra poliester 100% reciclada.<\/p>\n<p>Al ser nuestro cubrepiso m\u00e1s delgado, se recomienda para usos de bajo tr\u00e1nsito.<\/p>\n<p>T\u00e9cnica de Fabricaci\u00f3n: Sin Tejido Punzonado<\/p>\n<p>M\u00e9todo de Te\u00f1ido: En Masa<\/p>\n<p>Base: L\u00e1tex Acr\u00edlico<\/p>\n<p>Inflamabilidad: Cumple Norma ASTM 2859<\/p>\n<p>Colores: Rojo, Az\u00fal, Gris Pizarra, Negro, Chocolate, Verde.<\/p>\n<p>Origen: Chile<\/p>\n<p>Tama\u00f1os: 1 metro cuadrado, 4 x 10 metros, 4 x 15 metros, 4 x 20 metros, 4 x 25 metros y 4 x 50 metros.<\/p>\n<p>Se recomienda asistir a nuestra sala de ventas, ya que las im\u00e1genes podr\u00edan presentar peque\u00f1as diferencias en las tonalidades de los colores. Ac\u00e1 usted podr\u00e1 ver y\/o llevarse una muestra del producto final.<\/p>\n","protected":false},"excerpt":{"rendered":"<p>El cubrepiso evento es fabricado a partir de fibra poliester 100% reciclada. Al ser nuestro cubrepiso m\u00e1s delgado, se recomienda para usos de bajo tr\u00e1nsito. T\u00e9cnica de Fabricaci\u00f3n: Sin Tejido Punzonado M\u00e9todo de Te\u00f1ido: En Masa Base: L\u00e1tex Acr\u00edlico Inflamabilidad: Cumple Norma ASTM 2859 Colores: Rojo, Az\u00fal, Gris Pizarra, Negro, Chocolate, Verde. Origen: Chile Tama\u00f1os:&#8230;<\/p>\n","protected":false},"featured_media":14949,"template":"","meta":[],"product_cat":[269],"product_tag":[],"class_list":{"0":"post-14945","1":"product","2":"type-product","3":"status-publish","4":"has-post-thumbnail","6":"product_cat-cubrepiso","8":"first","9":"instock","10":"shipping-taxable","11":"product-type-simple"},"acf":[],"_links":{"self":[{"href":"https:\/\/pisosmanriquez.cl\/index.php\/wp-json\/wp\/v2\/product\/14945","targetHints":{"allow":["GET"]}}],"collection":[{"href":"https:\/\/pisosmanriquez.cl\/index.php\/wp-json\/wp\/v2\/product"}],"about":[{"href":"https:\/\/pisosmanriquez.cl\/index.php\/wp-json\/wp\/v2\/types\/product"}],"wp:featuredmedia":[{"embeddable":true,"href":"https:\/\/pisosmanriquez.cl\/index.php\/wp-json\/wp\/v2\/media\/14949"}],"wp:attachment":[{"href":"https:\/\/pisosmanriquez.cl\/index.php\/wp-json\/wp\/v2\/media?parent=14945"}],"wp:term":[{"taxonomy":"product_cat","embeddable":true,"href":"https:\/\/pisosmanriquez.cl\/index.php\/wp-json\/wp\/v2\/product_cat?post=14945"},{"taxonomy":"product_tag","embeddable":true,"href":"https:\/\/pisosmanriquez.cl\/index.php\/wp-json\/wp\/v2\/product_tag?post=14945"}],"curies":[{"name":"wp","href":"https:\/\/api.w.org\/{rel}","templated":true}]}}