{"id":14960,"date":"2024-07-22T16:05:37","date_gmt":"2024-07-22T19:05:37","guid":{"rendered":"https:\/\/pisosmanriquez.cl\/?post_type=product&#038;p=14960"},"modified":"2024-07-22T16:13:19","modified_gmt":"2024-07-22T19:13:19","slug":"cubrepiso-seleccion-premium","status":"publish","type":"product","link":"https:\/\/pisosmanriquez.cl\/index.php\/producto\/cubrepiso-seleccion-premium\/","title":{"rendered":"Cubrepiso Selecci\u00f3n Premium"},"content":{"rendered":"<p>\u00a1El Cubrepiso Selecci\u00f3n premium es sin duda nuestro producto estrella!<\/p>\n<p>De 4,5mm de grosor es nuestro producto de larga duraci\u00f3n!<\/p>\n<p>Ideal para tr\u00e1fico alto.<\/p>\n<p>Elige el color que m\u00e1s te guste, dentro de nuestra gama de 7 colores!<\/p>\n<p>\u00a1F\u00e1cil de instalar, no te arrepentir\u00e1s!<\/p>\n<p>T\u00e9cnica De Fabricaci\u00f3n: Sin Tejido Punzonado<\/p>\n<p>Fibra: 100% polipropileno virgen.<\/p>\n<p>M\u00e9todo de Te\u00f1ido: En Masa<\/p>\n<p>Base: L\u00e1tex Acr\u00edlico<\/p>\n<p>Peso: 800gr\/m2<\/p>\n<p>Inflamabilidad: Cumple Norma ASTM 2859<\/p>\n<p>Colores: Verde, Rojo, Azul Marino, Caf\u00e9, Gris Claro, Gris Oscuro, Negro.<\/p>\n<p>Uso: Hogares, comercio, eventos.<\/p>\n<p>Origen: Chile<\/p>\n<p>Tama\u00f1os: 1 metro cuadrado, 4 x 5 metros, 4 x 10 metros, 4 x 15 metros, 4 x 20 metros, 4 x 25 metros, 4 x 40 metros<\/p>\n","protected":false},"excerpt":{"rendered":"<p>\u00a1El Cubrepiso Selecci\u00f3n premium es sin duda nuestro producto estrella! De 4,5mm de grosor es nuestro producto de larga duraci\u00f3n! Ideal para tr\u00e1fico alto. Elige el color que m\u00e1s te guste, dentro de nuestra gama de 7 colores! \u00a1F\u00e1cil de instalar, no te arrepentir\u00e1s! T\u00e9cnica De Fabricaci\u00f3n: Sin Tejido Punzonado Fibra: 100% polipropileno virgen. M\u00e9todo&#8230;<\/p>\n","protected":false},"featured_media":14965,"template":"","meta":[],"product_cat":[269],"product_tag":[],"class_list":{"0":"post-14960","1":"product","2":"type-product","3":"status-publish","4":"has-post-thumbnail","6":"product_cat-cubrepiso","8":"first","9":"instock","10":"shipping-taxable","11":"product-type-simple"},"acf":[],"_links":{"self":[{"href":"https:\/\/pisosmanriquez.cl\/index.php\/wp-json\/wp\/v2\/product\/14960","targetHints":{"allow":["GET"]}}],"collection":[{"href":"https:\/\/pisosmanriquez.cl\/index.php\/wp-json\/wp\/v2\/product"}],"about":[{"href":"https:\/\/pisosmanriquez.cl\/index.php\/wp-json\/wp\/v2\/types\/product"}],"wp:featuredmedia":[{"embeddable":true,"href":"https:\/\/pisosmanriquez.cl\/index.php\/wp-json\/wp\/v2\/media\/14965"}],"wp:attachment":[{"href":"https:\/\/pisosmanriquez.cl\/index.php\/wp-json\/wp\/v2\/media?parent=14960"}],"wp:term":[{"taxonomy":"product_cat","embeddable":true,"href":"https:\/\/pisosmanriquez.cl\/index.php\/wp-json\/wp\/v2\/product_cat?post=14960"},{"taxonomy":"product_tag","embeddable":true,"href":"https:\/\/pisosmanriquez.cl\/index.php\/wp-json\/wp\/v2\/product_tag?post=14960"}],"curies":[{"name":"wp","href":"https:\/\/api.w.org\/{rel}","templated":true}]}}